{"id":939,"date":"2025-11-20T08:08:39","date_gmt":"2025-11-20T08:08:39","guid":{"rendered":"https:\/\/wiki.kieroplus.com\/?page_id=939"},"modified":"2025-11-20T11:13:02","modified_gmt":"2025-11-20T11:13:02","slug":"pendientes-de-procesar","status":"publish","type":"page","link":"https:\/\/wiki.kieroplus.com\/wiki-kiero\/pedidos\/pendientes-de-procesar\/","title":{"rendered":"Pendientes de Procesar"},"content":{"rendered":"\n<div class=\"wp-block-group alignfull has-base-2-background-color has-background has-global-padding is-layout-constrained wp-container-core-group-is-layout-a9c4655d wp-block-group-is-layout-constrained\" style=\"margin-top:0;margin-bottom:0;padding-top:60px;padding-right:var(--wp--preset--spacing--40);padding-bottom:60px;padding-left:var(--wp--preset--spacing--40)\">\n<div class=\"wp-block-group alignfull has-base-background-color has-background has-global-padding is-layout-constrained wp-container-core-group-is-layout-5fb1f4f9 wp-block-group-is-layout-constrained\" style=\"margin-top:0;margin-bottom:0;padding-top:60px;padding-right:var(--wp--preset--spacing--40);padding-bottom:60px;padding-left:var(--wp--preset--spacing--40)\">\n<div class=\"wp-block-columns alignwide is-layout-flex wp-container-core-columns-is-layout-1da03c2a wp-block-columns-is-layout-flex\">\n<div class=\"wp-block-column is-vertically-aligned-top has-global-padding is-layout-constrained wp-container-core-column-is-layout-dc5f3bcc wp-block-column-is-layout-constrained\" style=\"padding-top:0;padding-right:80px;padding-bottom:0;padding-left:80px;flex-basis:40%\">\n<figure class=\"wp-block-image aligncenter size-large\" id=\"pedidos-pendientes-de-procesar\"><img loading=\"lazy\" decoding=\"async\" width=\"484\" height=\"1024\" src=\"https:\/\/wiki.kieroplus.com\/wp-content\/uploads\/2025\/11\/Manual_PedidoPendienteProcesar-2-484x1024.png\" alt=\"\" class=\"wp-image-922\" srcset=\"https:\/\/wiki.kieroplus.com\/wp-content\/uploads\/2025\/11\/Manual_PedidoPendienteProcesar-2-484x1024.png 484w, https:\/\/wiki.kieroplus.com\/wp-content\/uploads\/2025\/11\/Manual_PedidoPendienteProcesar-2-142x300.png 142w, https:\/\/wiki.kieroplus.com\/wp-content\/uploads\/2025\/11\/Manual_PedidoPendienteProcesar-2-768x1626.png 768w, https:\/\/wiki.kieroplus.com\/wp-content\/uploads\/2025\/11\/Manual_PedidoPendienteProcesar-2-726x1536.png 726w, https:\/\/wiki.kieroplus.com\/wp-content\/uploads\/2025\/11\/Manual_PedidoPendienteProcesar-2-967x2048.png 967w, https:\/\/wiki.kieroplus.com\/wp-content\/uploads\/2025\/11\/Manual_PedidoPendienteProcesar-2.png 1207w\" sizes=\"auto, (max-width: 484px) 100vw, 484px\" \/><\/figure>\n<\/div>\n\n\n\n<div class=\"wp-block-column is-vertically-aligned-stretch is-layout-flow wp-block-column-is-layout-flow\" style=\"flex-basis:100%\">\n<div class=\"wp-block-group is-vertical is-content-justification-stretch is-layout-flex wp-container-core-group-is-layout-8f18a2b3 wp-block-group-is-layout-flex\" style=\"min-height:0%\">\n<h3 class=\"wp-block-heading\">Pendientes de Procesar<\/h3>\n\n\n\n<p class=\"wp-container-content-0733e5d0\">En esta secci\u00f3n, tendr\u00e1s una visi\u00f3n clara y organizada de todos los pedidos que a\u00fan est\u00e1n pendientes de ser gestionados. \u00a1No pierdas de vista ning\u00fan detalle importante!<\/p>\n\n\n\n<p class=\"wp-container-content-0733e5d0\">\u2022 Informaci\u00f3n visible para cada pedido:<\/p>\n\n\n\n<ol class=\"wp-block-list\">\n<li>Nombre del cliente: Identifica r\u00e1pidamente qui\u00e9n ha realizado el pedido.<\/li>\n\n\n\n<li>Tipo de pedido: Distingue entre pedidos a domicilio o para recogida en el local.<\/li>\n\n\n\n<li>Fecha y hora: Conoce la fecha y hora exacta en que el cliente espera recibir o recoger su pedido.<\/li>\n\n\n\n<li>C\u00f3digo del Pedido: Un identificador \u00fanico para cada pedido, \u00fatil para su seguimiento y gesti\u00f3n.<\/li>\n\n\n\n<li>Precio: Visualiza el importe total del pedido.<\/li>\n\n\n\n<li>Tiempo restante del pedido: Muestra cuando tiempo falta para la hora en la que el cliente ha solicitado el pedido.<\/li>\n\n\n\n<li>Cada pedido est\u00e1 enmarcado con un color que indica su urgencia:<br>\u2022 Verde: Falta m\u00e1s de media hora para entregar el pedido.<br>\u2022 Naranja: Falta menos de media hora para la entrega.<br>\u2022 Rojo: El tiempo de entrega se ha superado y el pedido a\u00fan no ha sido entregado.<\/li>\n<\/ol>\n\n\n\n<p>Adem\u00e1s, permite introducir el precio definitivo en caso de que haya productos al peso, y finalizar el pedido sin necesidad de entrar en \u00abVer m\u00e1s &gt;\u00bb<\/p>\n\n\n\n<p>\u2022 Opciones de gesti\u00f3n:<\/p>\n\n\n\n<ul class=\"wp-block-list\">\n<li>Imprimir ticket: Genera un comprobante para el cliente o tus registros.<\/li>\n\n\n\n<li>Bloquear al cliente: En casos excepcionales, puedes bloquear a un cliente para evitar futuros pedidos.<\/li>\n\n\n\n<li>Archivar: Guarda el pedido una vez completado o cancelado.<\/li>\n<\/ul>\n\n\n\n<p><strong>IMPORTANTE: Pulsa sobre cualquiera de los pedidos que se muestran y acceder\u00e1s a la <a href=\"https:\/\/wiki.kieroplus.com\/pedidos\/informacion-del-pedido\/\" data-type=\"page\" data-id=\"948\">Informaci\u00f3n y gesti\u00f3n del pedido<\/a>.<\/strong><\/p>\n\n\n\n<p class=\"wp-container-content-0733e5d0\">\u00a1No pierdas ning\u00fan pedido!<\/p>\n<\/div>\n<\/div>\n<\/div>\n<\/div>\n<\/div>\n","protected":false},"excerpt":{"rendered":"<p>Pendientes de Procesar En esta secci\u00f3n, tendr\u00e1s una visi\u00f3n clara y organizada de todos los pedidos que a\u00fan est\u00e1n pendientes de ser gestionados. \u00a1No pierdas de vista ning\u00fan detalle importante! \u2022 Informaci\u00f3n visible para cada pedido: Adem\u00e1s, permite introducir el precio definitivo en caso de que haya productos al peso, y finalizar el pedido sin [&hellip;]<\/p>\n","protected":false},"author":2,"featured_media":0,"parent":604,"menu_order":2,"comment_status":"closed","ping_status":"closed","template":"","meta":{"_uag_custom_page_level_css":"","footnotes":""},"class_list":["post-939","page","type-page","status-publish","hentry"],"uagb_featured_image_src":{"full":false,"thumbnail":false,"medium":false,"medium_large":false,"large":false,"1536x1536":false,"2048x2048":false},"uagb_author_info":{"display_name":"Alejandro","author_link":"https:\/\/wiki.kieroplus.com\/wiki-kiero\/author\/alejandro\/"},"uagb_comment_info":0,"uagb_excerpt":"Pendientes de Procesar En esta secci\u00f3n, tendr\u00e1s una visi\u00f3n clara y organizada de todos los pedidos que a\u00fan est\u00e1n pendientes de ser gestionados. \u00a1No pierdas de vista ning\u00fan detalle importante! \u2022 Informaci\u00f3n visible para cada pedido: Adem\u00e1s, permite introducir el precio definitivo en caso de que haya productos al peso, y finalizar el pedido sin&hellip;","_links":{"self":[{"href":"https:\/\/wiki.kieroplus.com\/wiki-kiero\/wp-json\/wp\/v2\/pages\/939","targetHints":{"allow":["GET"]}}],"collection":[{"href":"https:\/\/wiki.kieroplus.com\/wiki-kiero\/wp-json\/wp\/v2\/pages"}],"about":[{"href":"https:\/\/wiki.kieroplus.com\/wiki-kiero\/wp-json\/wp\/v2\/types\/page"}],"author":[{"embeddable":true,"href":"https:\/\/wiki.kieroplus.com\/wiki-kiero\/wp-json\/wp\/v2\/users\/2"}],"replies":[{"embeddable":true,"href":"https:\/\/wiki.kieroplus.com\/wiki-kiero\/wp-json\/wp\/v2\/comments?post=939"}],"version-history":[{"count":3,"href":"https:\/\/wiki.kieroplus.com\/wiki-kiero\/wp-json\/wp\/v2\/pages\/939\/revisions"}],"predecessor-version":[{"id":961,"href":"https:\/\/wiki.kieroplus.com\/wiki-kiero\/wp-json\/wp\/v2\/pages\/939\/revisions\/961"}],"up":[{"embeddable":true,"href":"https:\/\/wiki.kieroplus.com\/wiki-kiero\/wp-json\/wp\/v2\/pages\/604"}],"wp:attachment":[{"href":"https:\/\/wiki.kieroplus.com\/wiki-kiero\/wp-json\/wp\/v2\/media?parent=939"}],"curies":[{"name":"wp","href":"https:\/\/api.w.org\/{rel}","templated":true}]}}