{"id":935,"date":"2025-11-20T07:52:36","date_gmt":"2025-11-20T07:52:36","guid":{"rendered":"https:\/\/wiki.kieroplus.com\/?page_id=935"},"modified":"2025-11-20T11:12:29","modified_gmt":"2025-11-20T11:12:29","slug":"pendientes-de-clasificar","status":"publish","type":"page","link":"https:\/\/wiki.kieroplus.com\/wiki-kiero\/pedidos\/pendientes-de-clasificar\/","title":{"rendered":"Pendientes de Clasificar"},"content":{"rendered":"\n<hr class=\"wp-block-separator has-text-color has-alpha-channel-opacity has-background is-style-wide\" style=\"margin-top:0;margin-bottom:0;background-color:#d7d7d7;color:#d7d7d7\"\/>\n\n\n\n<div class=\"wp-block-group alignfull has-base-2-background-color has-background has-global-padding is-layout-constrained wp-container-core-group-is-layout-a9c4655d wp-block-group-is-layout-constrained\" style=\"margin-top:0;margin-bottom:0;padding-top:60px;padding-right:var(--wp--preset--spacing--40);padding-bottom:60px;padding-left:var(--wp--preset--spacing--40)\">\n<div class=\"wp-block-columns alignwide is-layout-flex wp-container-core-columns-is-layout-4b5cfc71 wp-block-columns-is-layout-flex\" style=\"margin-top:0;margin-bottom:0\">\n<div class=\"wp-block-column is-vertically-aligned-stretch order-last is-layout-flow wp-block-column-is-layout-flow\" style=\"flex-basis:100%\">\n<div class=\"wp-block-group is-vertical is-content-justification-stretch is-layout-flex wp-container-core-group-is-layout-8f18a2b3 wp-block-group-is-layout-flex\" style=\"min-height:0%\">\n<h3 class=\"wp-block-heading is-style-default\">Pendientes de Clasificar<\/h3>\n\n\n\n<p class=\"wp-container-content-0733e5d0\">En esta secci\u00f3n, tendr\u00e1s una visi\u00f3n clara y organizada de todos los pedidos que a\u00fan est\u00e1n pendientes de ser gestionados. \u00a1No pierdas de vista ning\u00fan detalle importante!<\/p>\n\n\n\n<p>Mant\u00e9n esta secci\u00f3n bajo control para asegurar una gesti\u00f3n fluida de tus pedidos y brindar un excelente servicio a tus clientes.<\/p>\n\n\n\n<p>\u2022 Informaci\u00f3n visible para cada pedido:<\/p>\n\n\n\n<ol class=\"wp-block-list\">\n<li>Nombre del cliente: Identifica r\u00e1pidamente qui\u00e9n ha realizado el pedido.<\/li>\n\n\n\n<li>Tipo de pedido: Distingue entre pedidos a domicilio o para recogida en el local.<\/li>\n\n\n\n<li>Fecha y hora: Conoce la fecha y hora exacta en que el cliente espera recibir o recoger su pedido.<\/li>\n\n\n\n<li>C\u00f3digo del Pedido: Un identificador \u00fanico para cada pedido, \u00fatil para su seguimiento y gesti\u00f3n.<\/li>\n\n\n\n<li>Precio: Visualiza el importe total del pedido.<\/li>\n\n\n\n<li>Tiempo restante para rechazo autom\u00e1tico: Si has configurado un tiempo l\u00edmite para responder a los pedidos, aqu\u00ed ver\u00e1s cu\u00e1nto tiempo queda antes de que el sistema rechace autom\u00e1ticamente un pedido no atendido.<\/li>\n\n\n\n<li>Cada pedido est\u00e1 enmarcado con un color que indica su urgencia:<br>\u2022 Verde: Falta m\u00e1s de media hora para que el pedido se rechace.<br>\u2022 Naranja: Falta menos de media para que el pedido se rechace.<br>\u2022 Rojo: El pedido ya ha llegado al momento de rechazo.<\/li>\n<\/ol>\n\n\n\n<p>\u2022 Opciones de gesti\u00f3n:<\/p>\n\n\n\n<ol style=\"list-style-type:lower-alpha\" class=\"wp-block-list\">\n<li>Bloquear Usuario: En casos excepcionales, puedes bloquear a un cliente para evitar futuros pedidos.<\/li>\n\n\n\n<li>Archivar Pedido: Guarda el pedido una vez completado o cancelado.<\/li>\n\n\n\n<li>Imprimir ticket: Genera un comprobante para el cliente o tus registros.<\/li>\n<\/ol>\n\n\n\n<p><strong>IMPORTANTE: Pulsa sobre cualquiera de los pedidos que se muestran y acceder\u00e1s a la <a href=\"https:\/\/wiki.kieroplus.com\/pedidos\/informacion-del-pedido\/\" data-type=\"page\" data-id=\"948\">Informaci\u00f3n y gesti\u00f3n del pedido<\/a>.<\/strong><\/p>\n\n\n\n<p class=\"wp-container-content-0733e5d0\">\u00a1No pierdas ning\u00fan pedido!<\/p>\n<\/div>\n<\/div>\n\n\n\n<div class=\"wp-block-column is-vertically-aligned-top order-first has-global-padding is-layout-constrained wp-container-core-column-is-layout-dc5f3bcc wp-block-column-is-layout-constrained\" style=\"padding-top:0;padding-right:80px;padding-bottom:0;padding-left:80px;flex-basis:40%\">\n<figure class=\"wp-block-image aligncenter size-large\" id=\"pedidos-pendientes-de-clasificar\"><img loading=\"lazy\" decoding=\"async\" width=\"484\" height=\"1024\" src=\"https:\/\/wiki.kieroplus.com\/wp-content\/uploads\/2025\/11\/Manual_PedidoPendienteClasificar-2-484x1024.png\" alt=\"\" class=\"wp-image-918\" srcset=\"https:\/\/wiki.kieroplus.com\/wp-content\/uploads\/2025\/11\/Manual_PedidoPendienteClasificar-2-484x1024.png 484w, https:\/\/wiki.kieroplus.com\/wp-content\/uploads\/2025\/11\/Manual_PedidoPendienteClasificar-2-142x300.png 142w, https:\/\/wiki.kieroplus.com\/wp-content\/uploads\/2025\/11\/Manual_PedidoPendienteClasificar-2-768x1626.png 768w, https:\/\/wiki.kieroplus.com\/wp-content\/uploads\/2025\/11\/Manual_PedidoPendienteClasificar-2-726x1536.png 726w, https:\/\/wiki.kieroplus.com\/wp-content\/uploads\/2025\/11\/Manual_PedidoPendienteClasificar-2-967x2048.png 967w, https:\/\/wiki.kieroplus.com\/wp-content\/uploads\/2025\/11\/Manual_PedidoPendienteClasificar-2.png 1207w\" sizes=\"auto, (max-width: 484px) 100vw, 484px\" \/><\/figure>\n<\/div>\n<\/div>\n<\/div>\n","protected":false},"excerpt":{"rendered":"<p>Pendientes de Clasificar En esta secci\u00f3n, tendr\u00e1s una visi\u00f3n clara y organizada de todos los pedidos que a\u00fan est\u00e1n pendientes de ser gestionados. \u00a1No pierdas de vista ning\u00fan detalle importante! Mant\u00e9n esta secci\u00f3n bajo control para asegurar una gesti\u00f3n fluida de tus pedidos y brindar un excelente servicio a tus clientes. \u2022 Informaci\u00f3n visible para [&hellip;]<\/p>\n","protected":false},"author":2,"featured_media":0,"parent":604,"menu_order":1,"comment_status":"closed","ping_status":"closed","template":"","meta":{"_uag_custom_page_level_css":"","footnotes":""},"class_list":["post-935","page","type-page","status-publish","hentry"],"uagb_featured_image_src":{"full":false,"thumbnail":false,"medium":false,"medium_large":false,"large":false,"1536x1536":false,"2048x2048":false},"uagb_author_info":{"display_name":"Alejandro","author_link":"https:\/\/wiki.kieroplus.com\/wiki-kiero\/author\/alejandro\/"},"uagb_comment_info":0,"uagb_excerpt":"Pendientes de Clasificar En esta secci\u00f3n, tendr\u00e1s una visi\u00f3n clara y organizada de todos los pedidos que a\u00fan est\u00e1n pendientes de ser gestionados. \u00a1No pierdas de vista ning\u00fan detalle importante! Mant\u00e9n esta secci\u00f3n bajo control para asegurar una gesti\u00f3n fluida de tus pedidos y brindar un excelente servicio a tus clientes. \u2022 Informaci\u00f3n visible para&hellip;","_links":{"self":[{"href":"https:\/\/wiki.kieroplus.com\/wiki-kiero\/wp-json\/wp\/v2\/pages\/935","targetHints":{"allow":["GET"]}}],"collection":[{"href":"https:\/\/wiki.kieroplus.com\/wiki-kiero\/wp-json\/wp\/v2\/pages"}],"about":[{"href":"https:\/\/wiki.kieroplus.com\/wiki-kiero\/wp-json\/wp\/v2\/types\/page"}],"author":[{"embeddable":true,"href":"https:\/\/wiki.kieroplus.com\/wiki-kiero\/wp-json\/wp\/v2\/users\/2"}],"replies":[{"embeddable":true,"href":"https:\/\/wiki.kieroplus.com\/wiki-kiero\/wp-json\/wp\/v2\/comments?post=935"}],"version-history":[{"count":3,"href":"https:\/\/wiki.kieroplus.com\/wiki-kiero\/wp-json\/wp\/v2\/pages\/935\/revisions"}],"predecessor-version":[{"id":960,"href":"https:\/\/wiki.kieroplus.com\/wiki-kiero\/wp-json\/wp\/v2\/pages\/935\/revisions\/960"}],"up":[{"embeddable":true,"href":"https:\/\/wiki.kieroplus.com\/wiki-kiero\/wp-json\/wp\/v2\/pages\/604"}],"wp:attachment":[{"href":"https:\/\/wiki.kieroplus.com\/wiki-kiero\/wp-json\/wp\/v2\/media?parent=935"}],"curies":[{"name":"wp","href":"https:\/\/api.w.org\/{rel}","templated":true}]}}