{"id":861,"date":"2025-11-17T12:39:51","date_gmt":"2025-11-17T12:39:51","guid":{"rendered":"https:\/\/wiki.kieroplus.com\/?page_id=861"},"modified":"2025-12-05T12:09:43","modified_gmt":"2025-12-05T12:09:43","slug":"modificar-un-producto-y-crear-una-oferta","status":"publish","type":"page","link":"https:\/\/wiki.kieroplus.com\/wiki-kiero\/productos\/modificar-un-producto-y-crear-una-oferta\/","title":{"rendered":"Modificar un producto y crear una oferta"},"content":{"rendered":"\n<div class=\"wp-block-group alignfull has-base-2-background-color has-background has-global-padding is-layout-constrained wp-container-core-group-is-layout-a9c4655d wp-block-group-is-layout-constrained\" style=\"margin-top:0;margin-bottom:0;padding-top:60px;padding-right:var(--wp--preset--spacing--40);padding-bottom:60px;padding-left:var(--wp--preset--spacing--40)\">\n<div class=\"wp-block-columns alignwide is-layout-flex wp-container-core-columns-is-layout-4b5cfc71 wp-block-columns-is-layout-flex\" style=\"margin-top:0;margin-bottom:0\">\n<div class=\"wp-block-column is-vertically-aligned-stretch order-last is-layout-flow wp-block-column-is-layout-flow\" style=\"flex-basis:100%\">\n<div class=\"wp-block-group is-vertical is-content-justification-stretch is-layout-flex wp-container-core-group-is-layout-8f18a2b3 wp-block-group-is-layout-flex\" style=\"min-height:0%\">\n<h3 class=\"wp-block-heading is-style-default\"><strong>Modificar un producto y crear una oferta<\/strong><\/h3>\n\n\n\n<p>En el video a continuaci\u00f3n, se muestra con un ejemplo como funciona, mediante los siguientes pasos:<\/p>\n\n\n\n<h4 class=\"wp-block-heading\"><strong>1. Acceder a la edici\u00f3n del producto<\/strong><\/h4>\n\n\n\n<ol class=\"wp-block-list\">\n<li>Abra el men\u00fa&nbsp;<strong>Productos<\/strong>.<\/li>\n\n\n\n<li>Seleccione el producto que desea modificar para acceder a su ficha de edici\u00f3n.<\/li>\n<\/ol>\n\n\n\n<h4 class=\"wp-block-heading\"><strong>2. Modificaci\u00f3n de datos b\u00e1sicos<\/strong><\/h4>\n\n\n\n<ol class=\"wp-block-list\">\n<li>Configure la <strong>visualizaci\u00f3n del producto,<\/strong> permitiendo configurarlo entre:\n<ol class=\"wp-block-list\">\n<li><strong>Activo<\/strong>, visible y disponible para los clientes.<\/li>\n\n\n\n<li><strong>Bloqueo temporal<\/strong>. Estos productos seguir\u00e1n siendo visibles, pero no se podr\u00e1n pedir. A partir de las 12 de la noche, el producto vuelve a estar activo.<\/li>\n\n\n\n<li><strong>Invisible<\/strong>, sin posibilidad de verlo ni pedirlo para los clientes.<\/li>\n<\/ol>\n<\/li>\n\n\n\n<li><strong>Tipo de producto<\/strong>: Un producto puede ser configurado como un <strong>Producto<\/strong> normal, <a href=\"https:\/\/wiki.kieroplus.com\/productos\/multproductos-y-publicidad\/\" data-type=\"page\" data-id=\"878\">un <strong>Multiproducto<\/strong> o una <strong>Publicidad<\/strong><\/a>.<\/li>\n\n\n\n<li>Escriba el&nbsp;<strong>nombre del producto<\/strong>&nbsp;en el campo correspondiente.\n<ul class=\"wp-block-list\">\n<li>Puedes editar la <strong>traducci\u00f3n del nombre del producto<\/strong> a m\u00faltiples idiomas. En el campo del nombre, pulsa<img loading=\"lazy\" decoding=\"async\" width=\"101\" height=\"85\" class=\"wp-image-1121\" style=\"width: 40px;vertical-align:middle\" src=\"https:\/\/wiki.kieroplus.com\/wp-content\/uploads\/2025\/12\/Icono_Idioma_TextField.png\" alt=\"\">. Ah\u00ed podr\u00e1s introducir el nombre del producto, no solo a Espa\u00f1ol, sino tambi\u00e9n a Ingl\u00e9s y Catal\u00e1n.<\/li>\n<\/ul>\n<\/li>\n\n\n\n<li>(Opcional) A\u00f1ada o modifique im\u00e1genes del producto:\n<ul class=\"wp-block-list\">\n<li>Puede cargar hasta&nbsp;<strong>tres im\u00e1genes fijas<\/strong>.<\/li>\n\n\n\n<li>Puede a\u00f1adir&nbsp;<strong>un v\u00eddeo<\/strong>.<\/li>\n\n\n\n<li>Las im\u00e1genes y v\u00eddeos pueden seleccionarse desde la galer\u00eda del dispositivo.<\/li>\n<\/ul>\n<\/li>\n<\/ol>\n\n\n\n<h4 class=\"wp-block-heading\"><strong>3. Configuraci\u00f3n de m\u00e1s caracter\u00edsticas<\/strong><\/h4>\n\n\n\n<p>Se pueden configurar caracter\u00edsticas como descripci\u00f3n del producto, intolerancias, asignaci\u00f3n de c\u00f3digo, servicios activos&#8230; <a href=\"https:\/\/wiki.kieroplus.com\/productos\/anadir-mas-caracteristicas-al-producto\/\" data-type=\"page\" data-id=\"856\">Se explica con m\u00e1s detalle aqu\u00ed<\/a>.<\/p>\n\n\n\n<h4 class=\"wp-block-heading\"><strong>4. Modificaci\u00f3n del precio base<\/strong><\/h4>\n\n\n\n<ol class=\"wp-block-list\">\n<li>Pulse sobre el campo&nbsp;<strong>Precio<\/strong>.<\/li>\n\n\n\n<li>Introduzca o modifique el&nbsp;<strong>precio base<\/strong>&nbsp;del producto seg\u00fan corresponda.<\/li>\n\n\n\n<li>Seleccione el&nbsp;<strong>tipo de medida<\/strong>&nbsp;que corresponda:\n<ol class=\"wp-block-list\">\n<li>\u20ac \/ Unidad: El precio de una unidad.<\/li>\n\n\n\n<li>\u20ac \/ Kilo: El precio de 1 Kg.<\/li>\n\n\n\n<li>\u20ac \/ Gramo: El precio de 1g.<\/li>\n\n\n\n<li>\u20ac \/ Kilo &#8211; Unidad: Para productos en los que se puede elegir pagar tanto por peso como por unidades. En el campo \u00abPeso de la unidad\u00bb, se configuran los gramos que contiene cada unidad.<\/li>\n<\/ol>\n<\/li>\n<\/ol>\n\n\n\n<h4 class=\"wp-block-heading\"><strong>5. Crear o modificar una oferta<\/strong><\/h4>\n\n\n\n<ol class=\"wp-block-list\">\n<li>Pulse el campo&nbsp;<strong>Precio oferta<\/strong>.<\/li>\n\n\n\n<li>Introduzca el&nbsp;<strong>precio de oferta<\/strong>&nbsp;que desea aplicar al producto.<\/li>\n\n\n\n<li>El sistema mostrar\u00e1 este precio como oferta activa mientras est\u00e9 configurado.<\/li>\n<\/ol>\n\n\n\n<h4 class=\"wp-block-heading\"><strong>6. Guardar cambios<\/strong><\/h4>\n\n\n\n<ul class=\"wp-block-list\">\n<li>Revise los valores introducidos.<\/li>\n\n\n\n<li>Pulse&nbsp;<strong>Guardar<\/strong>&nbsp;para aplicar las modificaciones.<br>Guardar es imprescindible para que el producto muestre correctamente el precio base y el de oferta.<\/li>\n<\/ul>\n\n\n\n<h4 class=\"wp-block-heading\"><strong>7. Visualizaci\u00f3n del producto en la lista<\/strong><\/h4>\n\n\n\n<p>Despu\u00e9s de aplicar la oferta:<\/p>\n\n\n\n<ul class=\"wp-block-list\">\n<li>El producto se incluir\u00e1 autom\u00e1ticamente en la categor\u00eda&nbsp;<strong>OFERTAS<\/strong>.<\/li>\n\n\n\n<li>El&nbsp;<strong>precio base<\/strong>&nbsp;aparecer\u00e1 tachado.<\/li>\n\n\n\n<li>El&nbsp;<strong>precio de oferta<\/strong>&nbsp;aparecer\u00e1 destacado.<\/li>\n<\/ul>\n<\/div>\n<\/div>\n\n\n\n<div class=\"wp-block-column is-vertically-aligned-top order-first has-global-padding is-layout-constrained wp-container-core-column-is-layout-dc5f3bcc wp-block-column-is-layout-constrained\" style=\"padding-top:0;padding-right:80px;padding-bottom:0;padding-left:80px;flex-basis:40%\">\n<figure class=\"wp-block-video\"><video height=\"2400\" style=\"aspect-ratio: 1080 \/ 2400;\" width=\"1080\" controls poster=\"https:\/\/wiki.kieroplus.com\/wp-content\/uploads\/2025\/11\/Screenshot_2025-11-10-10-41-16-85_bd245694e9f798af1ee34a74d8d9d4da.jpg\" src=\"https:\/\/wiki.kieroplus.com\/wp-content\/uploads\/2025\/11\/Modificar-un-producto-y-crear-una-oferta.mp4\"><\/video><\/figure>\n<\/div>\n<\/div>\n<\/div>\n","protected":false},"excerpt":{"rendered":"<p>Modificar un producto y crear una oferta En el video a continuaci\u00f3n, se muestra con un ejemplo como funciona, mediante los siguientes pasos: 1. Acceder a la edici\u00f3n del producto 2. Modificaci\u00f3n de datos b\u00e1sicos 3. Configuraci\u00f3n de m\u00e1s caracter\u00edsticas Se pueden configurar caracter\u00edsticas como descripci\u00f3n del producto, intolerancias, asignaci\u00f3n de c\u00f3digo, servicios activos&#8230; Se [&hellip;]<\/p>\n","protected":false},"author":2,"featured_media":0,"parent":810,"menu_order":4,"comment_status":"closed","ping_status":"closed","template":"","meta":{"_uag_custom_page_level_css":"","footnotes":""},"class_list":["post-861","page","type-page","status-publish","hentry"],"uagb_featured_image_src":{"full":false,"thumbnail":false,"medium":false,"medium_large":false,"large":false,"1536x1536":false,"2048x2048":false},"uagb_author_info":{"display_name":"Alejandro","author_link":"https:\/\/wiki.kieroplus.com\/wiki-kiero\/author\/alejandro\/"},"uagb_comment_info":0,"uagb_excerpt":"Modificar un producto y crear una oferta En el video a continuaci\u00f3n, se muestra con un ejemplo como funciona, mediante los siguientes pasos: 1. Acceder a la edici\u00f3n del producto 2. Modificaci\u00f3n de datos b\u00e1sicos 3. Configuraci\u00f3n de m\u00e1s caracter\u00edsticas Se pueden configurar caracter\u00edsticas como descripci\u00f3n del producto, intolerancias, asignaci\u00f3n de c\u00f3digo, servicios activos&#8230; Se&hellip;","_links":{"self":[{"href":"https:\/\/wiki.kieroplus.com\/wiki-kiero\/wp-json\/wp\/v2\/pages\/861","targetHints":{"allow":["GET"]}}],"collection":[{"href":"https:\/\/wiki.kieroplus.com\/wiki-kiero\/wp-json\/wp\/v2\/pages"}],"about":[{"href":"https:\/\/wiki.kieroplus.com\/wiki-kiero\/wp-json\/wp\/v2\/types\/page"}],"author":[{"embeddable":true,"href":"https:\/\/wiki.kieroplus.com\/wiki-kiero\/wp-json\/wp\/v2\/users\/2"}],"replies":[{"embeddable":true,"href":"https:\/\/wiki.kieroplus.com\/wiki-kiero\/wp-json\/wp\/v2\/comments?post=861"}],"version-history":[{"count":8,"href":"https:\/\/wiki.kieroplus.com\/wiki-kiero\/wp-json\/wp\/v2\/pages\/861\/revisions"}],"predecessor-version":[{"id":1127,"href":"https:\/\/wiki.kieroplus.com\/wiki-kiero\/wp-json\/wp\/v2\/pages\/861\/revisions\/1127"}],"up":[{"embeddable":true,"href":"https:\/\/wiki.kieroplus.com\/wiki-kiero\/wp-json\/wp\/v2\/pages\/810"}],"wp:attachment":[{"href":"https:\/\/wiki.kieroplus.com\/wiki-kiero\/wp-json\/wp\/v2\/media?parent=861"}],"curies":[{"name":"wp","href":"https:\/\/api.w.org\/{rel}","templated":true}]}}