{"id":662,"date":"2025-10-22T07:22:04","date_gmt":"2025-10-22T07:22:04","guid":{"rendered":"https:\/\/wiki.kieroplus.com\/?page_id=662"},"modified":"2025-12-04T08:35:16","modified_gmt":"2025-12-04T08:35:16","slug":"historial-reservas","status":"publish","type":"page","link":"https:\/\/wiki.kieroplus.com\/wiki-kiero\/reservas\/historial-reservas\/","title":{"rendered":"Historial de Reservas"},"content":{"rendered":"\n<hr class=\"wp-block-separator has-text-color has-alpha-channel-opacity has-background is-style-wide\" style=\"margin-top:0;margin-bottom:0;background-color:#d7d7d7;color:#d7d7d7\"\/>\n\n\n\n<div class=\"wp-block-group alignfull has-base-background-color has-background has-global-padding is-layout-constrained wp-container-core-group-is-layout-5fb1f4f9 wp-block-group-is-layout-constrained\" style=\"margin-top:0;margin-bottom:0;padding-top:60px;padding-right:var(--wp--preset--spacing--40);padding-bottom:60px;padding-left:var(--wp--preset--spacing--40)\">\n<div class=\"wp-block-columns alignwide is-layout-flex wp-container-core-columns-is-layout-1da03c2a wp-block-columns-is-layout-flex\">\n<div class=\"wp-block-column is-vertically-aligned-top has-global-padding is-layout-constrained wp-container-core-column-is-layout-dc5f3bcc wp-block-column-is-layout-constrained\" style=\"padding-top:0;padding-right:80px;padding-bottom:0;padding-left:80px;flex-basis:40%\">\n<figure class=\"wp-block-image aligncenter size-large\" id=\"pedidos-en-localizacion\"><img loading=\"lazy\" decoding=\"async\" width=\"484\" height=\"1024\" src=\"https:\/\/wiki.kieroplus.com\/wp-content\/uploads\/2025\/10\/Manual_HistorialReservas1-484x1024.png\" alt=\"\" class=\"wp-image-664\" srcset=\"https:\/\/wiki.kieroplus.com\/wp-content\/uploads\/2025\/10\/Manual_HistorialReservas1-484x1024.png 484w, https:\/\/wiki.kieroplus.com\/wp-content\/uploads\/2025\/10\/Manual_HistorialReservas1-142x300.png 142w, https:\/\/wiki.kieroplus.com\/wp-content\/uploads\/2025\/10\/Manual_HistorialReservas1-768x1626.png 768w, https:\/\/wiki.kieroplus.com\/wp-content\/uploads\/2025\/10\/Manual_HistorialReservas1-726x1536.png 726w, https:\/\/wiki.kieroplus.com\/wp-content\/uploads\/2025\/10\/Manual_HistorialReservas1-967x2048.png 967w, https:\/\/wiki.kieroplus.com\/wp-content\/uploads\/2025\/10\/Manual_HistorialReservas1.png 1207w\" sizes=\"auto, (max-width: 484px) 100vw, 484px\" \/><\/figure>\n<\/div>\n\n\n\n<div class=\"wp-block-column is-vertically-aligned-stretch is-layout-flow wp-block-column-is-layout-flow\" style=\"flex-basis:100%\">\n<div class=\"wp-block-group is-vertical is-content-justification-stretch is-layout-flex wp-container-core-group-is-layout-8f18a2b3 wp-block-group-is-layout-flex\" style=\"min-height:0%\">\n<h3 class=\"wp-block-heading\" id=\"historial-de-reservas\">Historial de Reservas<\/h3>\n\n\n\n<p class=\"wp-container-content-0733e5d0\">Esta secci\u00f3n muestra el historial de reservas que los usuarios han hecho a tu local. <\/p>\n\n\n\n<p>Esta secci\u00f3n te ofrece la informaci\u00f3n que necesitas como:<br><\/p>\n\n\n\n<ol class=\"wp-block-list\">\n<li>Informaci\u00f3n detallada: Incluyen n\u00famero de reserva, nombre del cliente y fecha en la que se realizo la solicitud de reserva.<\/li>\n\n\n\n<li>Observaciones: Texto opcional para dar detalles adicionales sobre la reserva.<\/li>\n\n\n\n<li>Fecha en la que se quiere la reserva y el n\u00famero de personas para la reserva.<\/li>\n\n\n\n<li>Tel\u00e9fono del cliente y estado de la reserva: Muestra si la reserva se rechaz\u00f3 (ya sea autom\u00e1ticamente o manualmente), o se acepto. Si se desea contactar con el cliente, se puede llamar pulsando en su n\u00famero de tel\u00e9fono.<\/li>\n\n\n\n<li><a href=\"#filtrado-reservas\" data-type=\"internal\" data-id=\"#filtrado-reservas\">Filtrar resultados de la reserva<\/a>: Permite ofrecer una lista m\u00e1s optimizada para mostrar solo reservas que tengan ciertas condiciones. Para filtrar reservas, pulsa en <img loading=\"lazy\" decoding=\"async\" width=\"54\" height=\"42\" class=\"wp-image-672\" style=\"width: 35px;vertical-align:middle\" src=\"https:\/\/wiki.kieroplus.com\/wp-content\/uploads\/2025\/10\/Manual_HistorialReservas_FiltroBoton.png\" alt=\"\">.<\/li>\n<\/ol>\n<\/div>\n<\/div>\n<\/div>\n<\/div>\n\n\n\n<hr class=\"wp-block-separator has-text-color has-alpha-channel-opacity has-background is-style-wide\" style=\"margin-top:0;margin-bottom:0;background-color:#d7d7d7;color:#d7d7d7\"\/>\n\n\n\n<div class=\"wp-block-group alignfull has-base-2-background-color has-background has-global-padding is-layout-constrained wp-container-core-group-is-layout-a9c4655d wp-block-group-is-layout-constrained\" style=\"margin-top:0;margin-bottom:0;padding-top:60px;padding-right:var(--wp--preset--spacing--40);padding-bottom:60px;padding-left:var(--wp--preset--spacing--40)\">\n<div class=\"wp-block-columns alignwide is-layout-flex wp-container-core-columns-is-layout-4b5cfc71 wp-block-columns-is-layout-flex\" style=\"margin-top:0;margin-bottom:0\">\n<div class=\"wp-block-column is-vertically-aligned-stretch order-last is-layout-flow wp-block-column-is-layout-flow\" style=\"flex-basis:100%\">\n<div class=\"wp-block-group is-vertical is-content-justification-stretch is-layout-flex wp-container-core-group-is-layout-8f18a2b3 wp-block-group-is-layout-flex\" style=\"min-height:0%\">\n<h3 class=\"wp-block-heading is-style-default\" id=\"filtrado-de-reservas\">Filtrado de Reservas<\/h3>\n\n\n\n<p class=\"wp-container-content-0733e5d0\">Esta opci\u00f3n ofrece un mejor control de tu historial de reservas, permitiendo mostrar solo aquellos resultados que interesen.<\/p>\n\n\n\n<p>Se pueden filtrar las reservas:<\/p>\n\n\n\n<ol class=\"wp-block-list\">\n<li>Por fecha: Permite filtrar en un rango m\u00e1ximo de 3 meses. Para filtrar por fecha, pulsa<img loading=\"lazy\" decoding=\"async\" width=\"101\" height=\"97\" class=\"wp-image-668\" style=\"width: 45px;vertical-align:middle\" src=\"https:\/\/wiki.kieroplus.com\/wp-content\/uploads\/2025\/10\/Manual_HistorialReservas_CalendarioBoton.png\" alt=\"\">, y te aparecer\u00e1 un calendario donde debes pulsar la fecha de inicio y de final de filtrado. Al hacerlo, se filtrar\u00e1n los resultados si est\u00e1n entre el rango de d\u00edas resaltado en color. Al acabar de seleccionar el rango deseado, pulse al bot\u00f3n \u00abGuardar\u00bb.<\/li>\n\n\n\n<li>Por estado de la reserva: Permite mostrar todos los resultados (si no se selecciona ninguno de los dos filtros), mostrar solo los resultados de reservas Aceptadas o mostrar solo los resultados de reservas Rechazadas .<\/li>\n<\/ol>\n\n\n\n<p><strong>IMPORTANTE: Para aplicar los filtros seleccionados, pulsa en \u00abAplicar\u00bb.<\/strong><\/p>\n\n\n\n<p class=\"wp-container-content-0733e5d0\">\u00a1No pierdas ninguna reserva!<\/p>\n<\/div>\n<\/div>\n\n\n\n<div class=\"wp-block-column is-vertically-aligned-top order-first has-global-padding is-layout-constrained wp-container-core-column-is-layout-0986e329 wp-block-column-is-layout-constrained\" style=\"padding-top:0;padding-right:0px;padding-bottom:0;padding-left:0px;flex-basis:100%\">\n<figure class=\"wp-block-gallery has-nested-images columns-default is-cropped wp-block-gallery-1 is-layout-flex wp-block-gallery-is-layout-flex\">\n<figure class=\"wp-block-image size-large\" id=\"filtrado-reservas\"><img loading=\"lazy\" decoding=\"async\" width=\"484\" height=\"1024\" data-id=\"665\" src=\"https:\/\/wiki.kieroplus.com\/wp-content\/uploads\/2025\/10\/Manual_HistorialReservas2-484x1024.png\" alt=\"\" class=\"wp-image-665\" srcset=\"https:\/\/wiki.kieroplus.com\/wp-content\/uploads\/2025\/10\/Manual_HistorialReservas2-484x1024.png 484w, https:\/\/wiki.kieroplus.com\/wp-content\/uploads\/2025\/10\/Manual_HistorialReservas2-142x300.png 142w, https:\/\/wiki.kieroplus.com\/wp-content\/uploads\/2025\/10\/Manual_HistorialReservas2-768x1626.png 768w, https:\/\/wiki.kieroplus.com\/wp-content\/uploads\/2025\/10\/Manual_HistorialReservas2-726x1536.png 726w, https:\/\/wiki.kieroplus.com\/wp-content\/uploads\/2025\/10\/Manual_HistorialReservas2-967x2048.png 967w, https:\/\/wiki.kieroplus.com\/wp-content\/uploads\/2025\/10\/Manual_HistorialReservas2.png 1207w\" sizes=\"auto, (max-width: 484px) 100vw, 484px\" \/><\/figure>\n\n\n\n<figure class=\"wp-block-image size-large\"><img loading=\"lazy\" decoding=\"async\" width=\"484\" height=\"1024\" data-id=\"667\" src=\"https:\/\/wiki.kieroplus.com\/wp-content\/uploads\/2025\/10\/Manual_HistorialReservas3-1-484x1024.png\" alt=\"\" class=\"wp-image-667\" srcset=\"https:\/\/wiki.kieroplus.com\/wp-content\/uploads\/2025\/10\/Manual_HistorialReservas3-1-484x1024.png 484w, https:\/\/wiki.kieroplus.com\/wp-content\/uploads\/2025\/10\/Manual_HistorialReservas3-1-142x300.png 142w, https:\/\/wiki.kieroplus.com\/wp-content\/uploads\/2025\/10\/Manual_HistorialReservas3-1-768x1626.png 768w, https:\/\/wiki.kieroplus.com\/wp-content\/uploads\/2025\/10\/Manual_HistorialReservas3-1-726x1536.png 726w, https:\/\/wiki.kieroplus.com\/wp-content\/uploads\/2025\/10\/Manual_HistorialReservas3-1-967x2048.png 967w, https:\/\/wiki.kieroplus.com\/wp-content\/uploads\/2025\/10\/Manual_HistorialReservas3-1.png 1207w\" sizes=\"auto, (max-width: 484px) 100vw, 484px\" \/><\/figure>\n<\/figure>\n<\/div>\n<\/div>\n<\/div>\n","protected":false},"excerpt":{"rendered":"<p>Historial de Reservas Esta secci\u00f3n muestra el historial de reservas que los usuarios han hecho a tu local. Esta secci\u00f3n te ofrece la informaci\u00f3n que necesitas como: Filtrado de Reservas Esta opci\u00f3n ofrece un mejor control de tu historial de reservas, permitiendo mostrar solo aquellos resultados que interesen. Se pueden filtrar las reservas: IMPORTANTE: Para [&hellip;]<\/p>\n","protected":false},"author":2,"featured_media":0,"parent":675,"menu_order":2,"comment_status":"closed","ping_status":"closed","template":"","meta":{"_uag_custom_page_level_css":"","footnotes":""},"class_list":["post-662","page","type-page","status-publish","hentry"],"uagb_featured_image_src":{"full":false,"thumbnail":false,"medium":false,"medium_large":false,"large":false,"1536x1536":false,"2048x2048":false},"uagb_author_info":{"display_name":"Alejandro","author_link":"https:\/\/wiki.kieroplus.com\/wiki-kiero\/author\/alejandro\/"},"uagb_comment_info":0,"uagb_excerpt":"Historial de Reservas Esta secci\u00f3n muestra el historial de reservas que los usuarios han hecho a tu local. Esta secci\u00f3n te ofrece la informaci\u00f3n que necesitas como: Filtrado de Reservas Esta opci\u00f3n ofrece un mejor control de tu historial de reservas, permitiendo mostrar solo aquellos resultados que interesen. Se pueden filtrar las reservas: IMPORTANTE: Para&hellip;","_links":{"self":[{"href":"https:\/\/wiki.kieroplus.com\/wiki-kiero\/wp-json\/wp\/v2\/pages\/662","targetHints":{"allow":["GET"]}}],"collection":[{"href":"https:\/\/wiki.kieroplus.com\/wiki-kiero\/wp-json\/wp\/v2\/pages"}],"about":[{"href":"https:\/\/wiki.kieroplus.com\/wiki-kiero\/wp-json\/wp\/v2\/types\/page"}],"author":[{"embeddable":true,"href":"https:\/\/wiki.kieroplus.com\/wiki-kiero\/wp-json\/wp\/v2\/users\/2"}],"replies":[{"embeddable":true,"href":"https:\/\/wiki.kieroplus.com\/wiki-kiero\/wp-json\/wp\/v2\/comments?post=662"}],"version-history":[{"count":6,"href":"https:\/\/wiki.kieroplus.com\/wiki-kiero\/wp-json\/wp\/v2\/pages\/662\/revisions"}],"predecessor-version":[{"id":1096,"href":"https:\/\/wiki.kieroplus.com\/wiki-kiero\/wp-json\/wp\/v2\/pages\/662\/revisions\/1096"}],"up":[{"embeddable":true,"href":"https:\/\/wiki.kieroplus.com\/wiki-kiero\/wp-json\/wp\/v2\/pages\/675"}],"wp:attachment":[{"href":"https:\/\/wiki.kieroplus.com\/wiki-kiero\/wp-json\/wp\/v2\/media?parent=662"}],"curies":[{"name":"wp","href":"https:\/\/api.w.org\/{rel}","templated":true}]}}