{"id":168,"date":"2024-09-03T06:56:27","date_gmt":"2024-09-03T06:56:27","guid":{"rendered":"https:\/\/wiki.kieroplus.com\/?page_id=168"},"modified":"2025-10-17T11:02:54","modified_gmt":"2025-10-17T11:02:54","slug":"generar-notificacion","status":"publish","type":"page","link":"https:\/\/wiki.kieroplus.com\/wiki-kiero\/mi-comercio\/generar-notificacion\/","title":{"rendered":"Generar Notificaci\u00f3n"},"content":{"rendered":"\n<hr class=\"wp-block-separator has-text-color has-alpha-channel-opacity has-background is-style-wide\" style=\"margin-top:0;margin-bottom:0;background-color:#d7d7d7;color:#d7d7d7\"\/>\n\n\n\n<div class=\"wp-block-group alignfull has-base-background-color has-background has-global-padding is-layout-constrained wp-container-core-group-is-layout-5fb1f4f9 wp-block-group-is-layout-constrained\" style=\"margin-top:0;margin-bottom:0;padding-top:60px;padding-right:var(--wp--preset--spacing--40);padding-bottom:60px;padding-left:var(--wp--preset--spacing--40)\">\n<div class=\"wp-block-columns alignwide is-layout-flex wp-container-core-columns-is-layout-1da03c2a wp-block-columns-is-layout-flex\">\n<div class=\"wp-block-column is-vertically-aligned-top has-global-padding is-layout-constrained wp-container-core-column-is-layout-dc5f3bcc wp-block-column-is-layout-constrained\" style=\"padding-top:0;padding-right:80px;padding-bottom:0;padding-left:80px;flex-basis:40%\">\n<figure class=\"wp-block-image aligncenter size-large\"><img loading=\"lazy\" decoding=\"async\" width=\"485\" height=\"1024\" src=\"https:\/\/wiki.kieroplus.com\/wp-content\/uploads\/2024\/09\/Screenshot_20240903_111535-485x1024.png\" alt=\"\" class=\"wp-image-212\" srcset=\"https:\/\/wiki.kieroplus.com\/wp-content\/uploads\/2024\/09\/Screenshot_20240903_111535-485x1024.png 485w, https:\/\/wiki.kieroplus.com\/wp-content\/uploads\/2024\/09\/Screenshot_20240903_111535-142x300.png 142w, https:\/\/wiki.kieroplus.com\/wp-content\/uploads\/2024\/09\/Screenshot_20240903_111535-768x1623.png 768w, https:\/\/wiki.kieroplus.com\/wp-content\/uploads\/2024\/09\/Screenshot_20240903_111535-727x1536.png 727w, https:\/\/wiki.kieroplus.com\/wp-content\/uploads\/2024\/09\/Screenshot_20240903_111535-969x2048.png 969w, https:\/\/wiki.kieroplus.com\/wp-content\/uploads\/2024\/09\/Screenshot_20240903_111535.png 1469w\" sizes=\"auto, (max-width: 485px) 100vw, 485px\" \/><\/figure>\n<\/div>\n\n\n\n<div class=\"wp-block-column is-vertically-aligned-stretch is-layout-flow wp-block-column-is-layout-flow\" style=\"flex-basis:100%\">\n<div class=\"wp-block-group is-vertical is-content-justification-stretch is-layout-flex wp-container-core-group-is-layout-8f18a2b3 wp-block-group-is-layout-flex\" style=\"min-height:0%\">\n<h3 class=\"wp-block-heading\">Generar Notificaci\u00f3n<\/h3>\n\n\n\n<p class=\"wp-container-content-0733e5d0\">Con esta funcionalidad podr\u00e1s enviar notificaciones directamente a tus clientes a trav\u00e9s de Kiero+. Inf\u00f3rmales sobre ofertas especiales, eventos pr\u00f3ximos o cualquier novedad que quieras compartir.<br>Rellena los campos:<br>\u2022 T\u00edtulo de la notificaci\u00f3n: Resume de forma clara y concisa el contenido de tu mensaje.<br>\u2022 Mensaje: Redacta un mensaje breve y atractivo que capte la atenci\u00f3n de tus clientes y los motive a actuar.<br>Una vez que hayas completado ambos campos, revisa la notificaci\u00f3n y pulsa en \u00abGenerar notificaci\u00f3n\u00bb.<br>Recuerda:<br>\u2022 Tienes una notificaci\u00f3n gratuita por semana.<br>\u2022 Puedes obtener notificaciones adicionales participando en nuestro programa de referidos.<br>\u00a1Mant\u00e9n a tus clientes informados y comprometidos con tu negocio gracias a las notificaciones de Kiero+!<\/p>\n\n\n\n<p class=\"wp-container-content-0733e5d0\"><\/p>\n<\/div>\n<\/div>\n<\/div>\n<\/div>\n\n\n\n<hr class=\"wp-block-separator has-text-color has-alpha-channel-opacity has-background is-style-wide\" style=\"margin-top:0;margin-bottom:0;background-color:#d7d7d7;color:#d7d7d7\"\/>\n","protected":false},"excerpt":{"rendered":"<p>Generar Notificaci\u00f3n Con esta funcionalidad podr\u00e1s enviar notificaciones directamente a tus clientes a trav\u00e9s de Kiero+. Inf\u00f3rmales sobre ofertas especiales, eventos pr\u00f3ximos o cualquier novedad que quieras compartir.Rellena los campos:\u2022 T\u00edtulo de la notificaci\u00f3n: Resume de forma clara y concisa el contenido de tu mensaje.\u2022 Mensaje: Redacta un mensaje breve y atractivo que capte la [&hellip;]<\/p>\n","protected":false},"author":1,"featured_media":0,"parent":363,"menu_order":8,"comment_status":"closed","ping_status":"closed","template":"","meta":{"_uag_custom_page_level_css":"","footnotes":""},"class_list":["post-168","page","type-page","status-publish","hentry"],"uagb_featured_image_src":{"full":false,"thumbnail":false,"medium":false,"medium_large":false,"large":false,"1536x1536":false,"2048x2048":false},"uagb_author_info":{"display_name":"admin","author_link":"https:\/\/wiki.kieroplus.com\/wiki-kiero\/author\/kieroplus_9hwuvl6f\/"},"uagb_comment_info":0,"uagb_excerpt":"Generar Notificaci\u00f3n Con esta funcionalidad podr\u00e1s enviar notificaciones directamente a tus clientes a trav\u00e9s de Kiero+. Inf\u00f3rmales sobre ofertas especiales, eventos pr\u00f3ximos o cualquier novedad que quieras compartir.Rellena los campos:\u2022 T\u00edtulo de la notificaci\u00f3n: Resume de forma clara y concisa el contenido de tu mensaje.\u2022 Mensaje: Redacta un mensaje breve y atractivo que capte la&hellip;","_links":{"self":[{"href":"https:\/\/wiki.kieroplus.com\/wiki-kiero\/wp-json\/wp\/v2\/pages\/168","targetHints":{"allow":["GET"]}}],"collection":[{"href":"https:\/\/wiki.kieroplus.com\/wiki-kiero\/wp-json\/wp\/v2\/pages"}],"about":[{"href":"https:\/\/wiki.kieroplus.com\/wiki-kiero\/wp-json\/wp\/v2\/types\/page"}],"author":[{"embeddable":true,"href":"https:\/\/wiki.kieroplus.com\/wiki-kiero\/wp-json\/wp\/v2\/users\/1"}],"replies":[{"embeddable":true,"href":"https:\/\/wiki.kieroplus.com\/wiki-kiero\/wp-json\/wp\/v2\/comments?post=168"}],"version-history":[{"count":2,"href":"https:\/\/wiki.kieroplus.com\/wiki-kiero\/wp-json\/wp\/v2\/pages\/168\/revisions"}],"predecessor-version":[{"id":213,"href":"https:\/\/wiki.kieroplus.com\/wiki-kiero\/wp-json\/wp\/v2\/pages\/168\/revisions\/213"}],"up":[{"embeddable":true,"href":"https:\/\/wiki.kieroplus.com\/wiki-kiero\/wp-json\/wp\/v2\/pages\/363"}],"wp:attachment":[{"href":"https:\/\/wiki.kieroplus.com\/wiki-kiero\/wp-json\/wp\/v2\/media?parent=168"}],"curies":[{"name":"wp","href":"https:\/\/api.w.org\/{rel}","templated":true}]}}