{"id":1071,"date":"2025-12-01T10:20:28","date_gmt":"2025-12-01T10:20:28","guid":{"rendered":"https:\/\/wiki.kieroplus.com\/?page_id=1071"},"modified":"2025-12-01T10:27:43","modified_gmt":"2025-12-01T10:27:43","slug":"wiki-kiero","status":"publish","type":"page","link":"https:\/\/wiki.kieroplus.com\/wiki-kiero\/","title":{"rendered":"Wiki KieroPlus"},"content":{"rendered":"<ul class=\"wp-block-page-list\"><li class=\"wp-block-pages-list__item\"><a class=\"wp-block-pages-list__item__link\" href=\"https:\/\/wiki.kieroplus.com\/wiki-kiero\/crear-o-modificar-un-producto\/\">Crear o Modificar un Producto<\/a><\/li><li class=\"wp-block-pages-list__item menu-item-home\"><a class=\"wp-block-pages-list__item__link\" href=\"https:\/\/wiki.kieroplus.com\/wiki-kiero\/\">Wiki KieroPlus<\/a><\/li><li class=\"wp-block-pages-list__item\"><a class=\"wp-block-pages-list__item__link\" href=\"https:\/\/wiki.kieroplus.com\/wiki-kiero\/inicio\/\">Inicio<\/a><\/li><li class=\"wp-block-pages-list__item has-child\"><a class=\"wp-block-pages-list__item__link\" href=\"https:\/\/wiki.kieroplus.com\/wiki-kiero\/pedidos\/\">Pedidos<\/a><ul class=\"wp-block-navigation__submenu-container\"><li class=\"wp-block-pages-list__item \"><a class=\"wp-block-pages-list__item__link\" href=\"https:\/\/wiki.kieroplus.com\/wiki-kiero\/pedidos\/en-localizacion\/\">En Localizaci\u00f3n<\/a><\/li><li class=\"wp-block-pages-list__item \"><a class=\"wp-block-pages-list__item__link\" href=\"https:\/\/wiki.kieroplus.com\/wiki-kiero\/pedidos\/pendientes-de-clasificar\/\">Pendientes de Clasificar<\/a><\/li><li class=\"wp-block-pages-list__item \"><a class=\"wp-block-pages-list__item__link\" href=\"https:\/\/wiki.kieroplus.com\/wiki-kiero\/pedidos\/pendientes-de-procesar\/\">Pendientes de Procesar<\/a><\/li><li class=\"wp-block-pages-list__item \"><a class=\"wp-block-pages-list__item__link\" href=\"https:\/\/wiki.kieroplus.com\/wiki-kiero\/pedidos\/gestion-de-transporte\/\">Gesti\u00f3n de Transporte<\/a><\/li><li class=\"wp-block-pages-list__item \"><a class=\"wp-block-pages-list__item__link\" href=\"https:\/\/wiki.kieroplus.com\/wiki-kiero\/pedidos\/demorar-entrada-de-pedidos\/\">Demorar Entrada de Pedidos<\/a><\/li><li class=\"wp-block-pages-list__item \"><a class=\"wp-block-pages-list__item__link\" href=\"https:\/\/wiki.kieroplus.com\/wiki-kiero\/pedidos\/historial-pedidos\/\">Historial de Pedidos<\/a><\/li><li class=\"wp-block-pages-list__item \"><a class=\"wp-block-pages-list__item__link\" href=\"https:\/\/wiki.kieroplus.com\/wiki-kiero\/pedidos\/ajustes-pedidos\/\">Ajustes Pedidos<\/a><\/li><li class=\"wp-block-pages-list__item \"><a class=\"wp-block-pages-list__item__link\" href=\"https:\/\/wiki.kieroplus.com\/wiki-kiero\/pedidos\/informacion-del-pedido\/\">Informaci\u00f3n del Pedido<\/a><\/li><\/ul><\/li><li class=\"wp-block-pages-list__item has-child\"><a class=\"wp-block-pages-list__item__link\" href=\"https:\/\/wiki.kieroplus.com\/wiki-kiero\/reservas\/\">Reservas<\/a><ul class=\"wp-block-navigation__submenu-container\"><li class=\"wp-block-pages-list__item \"><a class=\"wp-block-pages-list__item__link\" href=\"https:\/\/wiki.kieroplus.com\/wiki-kiero\/reservas\/reservas-pendientes\/\">Reservas Pendientes<\/a><\/li><li class=\"wp-block-pages-list__item \"><a class=\"wp-block-pages-list__item__link\" href=\"https:\/\/wiki.kieroplus.com\/wiki-kiero\/reservas\/historial-reservas\/\">Historial de Reservas<\/a><\/li><li class=\"wp-block-pages-list__item \"><a class=\"wp-block-pages-list__item__link\" href=\"https:\/\/wiki.kieroplus.com\/wiki-kiero\/reservas\/ajustes-reservas\/\">Ajustes Reservas<\/a><\/li><\/ul><\/li><li class=\"wp-block-pages-list__item has-child\"><a class=\"wp-block-pages-list__item__link\" href=\"https:\/\/wiki.kieroplus.com\/wiki-kiero\/productos\/\">Productos<\/a><ul class=\"wp-block-navigation__submenu-container\"><li class=\"wp-block-pages-list__item \"><a class=\"wp-block-pages-list__item__link\" href=\"https:\/\/wiki.kieroplus.com\/wiki-kiero\/productos\/crear-o-modificar-categorias\/\">Crear o modificar categor\u00edas<\/a><\/li><li class=\"wp-block-pages-list__item \"><a class=\"wp-block-pages-list__item__link\" href=\"https:\/\/wiki.kieroplus.com\/wiki-kiero\/productos\/productos-en-la-lista\/\">Productos en la Lista<\/a><\/li><li class=\"wp-block-pages-list__item \"><a class=\"wp-block-pages-list__item__link\" href=\"https:\/\/wiki.kieroplus.com\/wiki-kiero\/productos\/crear-un-producto\/\">Crear un Producto<\/a><\/li><li class=\"wp-block-pages-list__item \"><a class=\"wp-block-pages-list__item__link\" href=\"https:\/\/wiki.kieroplus.com\/wiki-kiero\/productos\/clonar-un-producto\/\">Clonar un Producto<\/a><\/li><li class=\"wp-block-pages-list__item \"><a class=\"wp-block-pages-list__item__link\" href=\"https:\/\/wiki.kieroplus.com\/wiki-kiero\/productos\/modificar-un-producto-y-crear-una-oferta\/\">Modificar un producto y crear una oferta<\/a><\/li><li class=\"wp-block-pages-list__item \"><a class=\"wp-block-pages-list__item__link\" href=\"https:\/\/wiki.kieroplus.com\/wiki-kiero\/productos\/anadir-mas-caracteristicas-al-producto\/\">A\u00f1adir m\u00e1s caracter\u00edsticas al producto<\/a><\/li><li class=\"wp-block-pages-list__item \"><a class=\"wp-block-pages-list__item__link\" href=\"https:\/\/wiki.kieroplus.com\/wiki-kiero\/productos\/modo-de-visualizacion-de-los-productos\/\">Modo de visualizaci\u00f3n de los productos<\/a><\/li><li class=\"wp-block-pages-list__item \"><a class=\"wp-block-pages-list__item__link\" href=\"https:\/\/wiki.kieroplus.com\/wiki-kiero\/productos\/multiseleccion-de-productos\/\">Multiselecci\u00f3n de productos<\/a><\/li><li class=\"wp-block-pages-list__item \"><a class=\"wp-block-pages-list__item__link\" href=\"https:\/\/wiki.kieroplus.com\/wiki-kiero\/productos\/multproductos-y-publicidad\/\">Multproductos y publicidad<\/a><\/li><li class=\"wp-block-pages-list__item \"><a class=\"wp-block-pages-list__item__link\" href=\"https:\/\/wiki.kieroplus.com\/wiki-kiero\/productos\/opciones\/\">Opciones<\/a><\/li><\/ul><\/li><li class=\"wp-block-pages-list__item has-child\"><a class=\"wp-block-pages-list__item__link\" href=\"https:\/\/wiki.kieroplus.com\/wiki-kiero\/mi-comercio\/\">Mi Comercio<\/a><ul class=\"wp-block-navigation__submenu-container\"><li class=\"wp-block-pages-list__item \"><a class=\"wp-block-pages-list__item__link\" href=\"https:\/\/wiki.kieroplus.com\/wiki-kiero\/mi-comercio\/informacion-comercio\/\">Informaci\u00f3n del Comercio<\/a><\/li><li class=\"wp-block-pages-list__item \"><a class=\"wp-block-pages-list__item__link\" href=\"https:\/\/wiki.kieroplus.com\/wiki-kiero\/mi-comercio\/servicios-y-horarios\/\">Servicios y Horarios<\/a><\/li><li class=\"wp-block-pages-list__item has-child \"><a class=\"wp-block-pages-list__item__link\" href=\"https:\/\/wiki.kieroplus.com\/wiki-kiero\/mi-comercio\/captar-usuarios\/\">Captar Clientes<\/a><ul class=\"wp-block-navigation__submenu-container\"><li class=\"wp-block-pages-list__item \"><a class=\"wp-block-pages-list__item__link\" href=\"https:\/\/wiki.kieroplus.com\/wiki-kiero\/mi-comercio\/captar-usuarios\/tarjetas-de-fidelizacion\/\">Tarjetas de Fidelizaci\u00f3n<\/a><\/li><li class=\"wp-block-pages-list__item \"><a class=\"wp-block-pages-list__item__link\" href=\"https:\/\/wiki.kieroplus.com\/wiki-kiero\/mi-comercio\/captar-usuarios\/codigos-de-descuento\/\">C\u00f3digos de Descuento<\/a><\/li><li class=\"wp-block-pages-list__item \"><a class=\"wp-block-pages-list__item__link\" href=\"https:\/\/wiki.kieroplus.com\/wiki-kiero\/mi-comercio\/captar-usuarios\/tarjetas-de-sellos\/\">Tarjetas de sellos<\/a><\/li><\/ul><\/li><li class=\"wp-block-pages-list__item \"><a class=\"wp-block-pages-list__item__link\" href=\"https:\/\/wiki.kieroplus.com\/wiki-kiero\/mi-comercio\/recursos\/\">Recursos<\/a><\/li><li class=\"wp-block-pages-list__item \"><a class=\"wp-block-pages-list__item__link\" href=\"https:\/\/wiki.kieroplus.com\/wiki-kiero\/mi-comercio\/comercios-agrupados\/\">Comercios Agrupados<\/a><\/li><li class=\"wp-block-pages-list__item \"><a class=\"wp-block-pages-list__item__link\" href=\"https:\/\/wiki.kieroplus.com\/wiki-kiero\/mi-comercio\/mis-qrs\/\">Mis QRs<\/a><\/li><li class=\"wp-block-pages-list__item \"><a class=\"wp-block-pages-list__item__link\" href=\"https:\/\/wiki.kieroplus.com\/wiki-kiero\/mi-comercio\/impresora-tickets\/\">Ajustes Impresora<\/a><\/li><li class=\"wp-block-pages-list__item \"><a class=\"wp-block-pages-list__item__link\" href=\"https:\/\/wiki.kieroplus.com\/wiki-kiero\/mi-comercio\/suscripcion-datos-fiscales-y-facturas\/\">Suscripci\u00f3n, Datos Fiscales y Facturas<\/a><\/li><li class=\"wp-block-pages-list__item \"><a class=\"wp-block-pages-list__item__link\" href=\"https:\/\/wiki.kieroplus.com\/wiki-kiero\/mi-comercio\/generar-notificacion\/\">Generar Notificaci\u00f3n<\/a><\/li><li class=\"wp-block-pages-list__item has-child \"><a class=\"wp-block-pages-list__item__link\" href=\"https:\/\/wiki.kieroplus.com\/wiki-kiero\/mi-comercio\/ajustes-generales\/\">Ajustes Generales<\/a><ul class=\"wp-block-navigation__submenu-container\"><li class=\"wp-block-pages-list__item \"><a class=\"wp-block-pages-list__item__link\" href=\"https:\/\/wiki.kieroplus.com\/wiki-kiero\/mi-comercio\/ajustes-generales\/gestion-de-accesos\/\">Gesti\u00f3n de Accesos<\/a><\/li><\/ul><\/li><\/ul><\/li><\/ul>","protected":false},"excerpt":{"rendered":"","protected":false},"author":2,"featured_media":0,"parent":0,"menu_order":0,"comment_status":"closed","ping_status":"closed","template":"","meta":{"_uag_custom_page_level_css":"\n","footnotes":""},"class_list":["post-1071","page","type-page","status-publish","hentry"],"uagb_featured_image_src":{"full":false,"thumbnail":false,"medium":false,"medium_large":false,"large":false,"1536x1536":false,"2048x2048":false},"uagb_author_info":{"display_name":"Alejandro","author_link":"https:\/\/wiki.kieroplus.com\/wiki-kiero\/author\/alejandro\/"},"uagb_comment_info":0,"uagb_excerpt":null,"_links":{"self":[{"href":"https:\/\/wiki.kieroplus.com\/wiki-kiero\/wp-json\/wp\/v2\/pages\/1071","targetHints":{"allow":["GET"]}}],"collection":[{"href":"https:\/\/wiki.kieroplus.com\/wiki-kiero\/wp-json\/wp\/v2\/pages"}],"about":[{"href":"https:\/\/wiki.kieroplus.com\/wiki-kiero\/wp-json\/wp\/v2\/types\/page"}],"author":[{"embeddable":true,"href":"https:\/\/wiki.kieroplus.com\/wiki-kiero\/wp-json\/wp\/v2\/users\/2"}],"replies":[{"embeddable":true,"href":"https:\/\/wiki.kieroplus.com\/wiki-kiero\/wp-json\/wp\/v2\/comments?post=1071"}],"version-history":[{"count":3,"href":"https:\/\/wiki.kieroplus.com\/wiki-kiero\/wp-json\/wp\/v2\/pages\/1071\/revisions"}],"predecessor-version":[{"id":1075,"href":"https:\/\/wiki.kieroplus.com\/wiki-kiero\/wp-json\/wp\/v2\/pages\/1071\/revisions\/1075"}],"wp:attachment":[{"href":"https:\/\/wiki.kieroplus.com\/wiki-kiero\/wp-json\/wp\/v2\/media?parent=1071"}],"curies":[{"name":"wp","href":"https:\/\/api.w.org\/{rel}","templated":true}]}}